) to base 8.
-5012
2a6 (base 16) to base 13
402
Convert -4233 (base 5) to base 15.
-27d
Convert -117 (base 13) to base 10.
-189
What is 1298 (base 16) in base 14?
1a40
Convert -18064 (base 10) to base 12.
-a554
101011000000 (base 2) to base 11
2082
Convert 23323 (base 4) to base 11.
634
Convert -1152 (base 8) to base 10.
-618
-229 (base 14) to base 10
-429
What is -31002 (base 4) in base 9?
-1126
Convert 1c8 (base 13) to base 8.
515
Convert 20303 (base 6) to base 16.
a8f
What is 111110111 (base 2) in base 16?
1f7
Convert -101001101 (base 2) to base 15.
-173
What is 2717 (base 16) in base 11?
7578
Convert -11 (base 2) to base 15.
-3
What is 10111000001011 (base 2) in base 8?
27013
Convert a98 (base 15) to base 4.
211121
What is 443120 (base 5) in base 7?
62633
-ed4 (base 16) to base 3
-12012121
26a (base 16) to base 5
4433
33 (base 4) to base 16
f
525 (base 12) to base 13
458
Convert 1412 (base 6) to base 13.
224
What is 1487 (base 11) in base 2?
11101110110
What is 101010111 (base 2) in base 4?
11113
33213 (base 6) to base 9
6300
What is -f60 (base 16) in base 13?
-1a3a
-566 (base 8) to base 11
-310
Convert 14573 (base 8) to base 10.
6523
What is 62416 (base 7) in base 15?
4801
Convert -25 (base 10) to base 11.
-23
-11011010011 (base 2) to base 6
-12031
Convert 740 (base 14) to base 12.
9b0
4535 (base 12) to base 3
101112012
2116 (base 9) to base 14
7d0
What is 4033 (base 12) in base 6?
52103
What is -212101 (base 3) in base 11?
-524
11111000 (base 2) to base 7
503
Convert -80 (base 16) to base 11.
-107
What is -10011100111 (base 2) in base 6?
-5451
46 (base 7) to base 4
202
Convert -20323 (base 4) to base 6.
-2351
303 (base 15) to base 8
1246
537 (base 11) to base 13
3a8
What is 100101001111 (base 2) in base 14?
c23
Convert -375 (base 8) to base 10.
-253
Convert -80ac (base 13) to base 12.
-a306
Convert 211120 (base 3) to base 15.
2a9
What is 3bd (base 15) in base 2?
1101010101
Convert 20351 (base 9) to base 16.
3463
429 (base 15) to base 10
939
What is 2060 (base 8) in base 11?
895
Convert -31320000 (base 4) to base 16.
-de00
-6259 (base 11) to base 4
-2001210
122 (base 8) to base 16
52
Convert 10b6 (base 12) to base 13.
b07
What is 11121112 (base 3) in base 15?
ee2
What is 10000132 (base 4) in base 9?
24457
What is 302031 (base 5) in base 13?
4508
cb33 (base 14) to base 6
430345
45641 (base 7) to base 8
26572
What is 856 (base 12) in base 9?
1603
Convert 2011 (base 6) to base 14.
235
What is -128 (base 14) in base 16?
-e8
1101001011 (base 2) to base 4
31023
Convert -2476 (base 9) to base 3.
-2112120
What is 2102101 (base 3) in base 12?
1031
3456 (base 7) to base 3
1201220
c3c8 (base 13) to base 14
9bd1
What is -3615 (base 10) in base 12?
-2113
Convert 29a (base 15) to base 5.
4340
What is -1331 (base 6) in base 2?
-101010111
69da (base 14) to base 10
18420
307 (base 10) to base 5
2212
Convert 331 (base 11) to base 4.
12031
What is 11110100000 (base 2) in base 9?
2608
What is -111111 (base 2) in base 5?
-223
What is -100422 (base 5) in base 10?
-3237
1395 (base 10) to base 8
2563
Convert 60340 (base 7) to base 11.
aa56
What is -25126 (base 8) in base 14?
-3d42
Convert 1454 (base 13) to base 9.
4028
2322 (base 7) to base 10
849
What is -20125 (base 8) in base 13?
-39c9
What is 1116 (base 7) in base 15?
1c0
What is 12559 (base 12) in base 8?
60625
4857 (base 10) to base 3
20122220
10215 (base 8) to base 15
13c7
What is 73 (base 13) in base 5?
334
Convert -1212132 (base 4) to base 14.
-2566
16aa (base 12) to base 3
10201211
What is 147 (base 12) in base 13?
124
1254 (base 9) to base 3
1021211
What is 2220 (base 15) in base 12?
4226
What is -454 (base 16) in base 4?
-101110
What is -416 (base 12) in base 2?
-1001010010
Convert 5ab (base 16) to base 10.
1451
b94 (base 14) to base 3
10010200
What is -2010202200 (base 3) in base 13?
-16224
What is -75106 (base 8) in base 2?
-111101001000110
2646 (base 9) to base 8
3702
Convert 3a2 (base 12) to base 6.
2322
What is -1661 (base 13) in base 10?
-3290
1258 (base 9) to base 14
4b6
Convert 1324 (base 9) to base 7.
2620
What is -119a (base 12) in base 15?
-8ca
What is 4c (base 13) in base 6?
144
What is 4a99 (base 13) in base 5?
314404
Convert -cff (base 16) to base 13.
-168c
Convert -200 (base 16) to base 13.
-305
1ee (base 16) to base 13
2c0
Convert 10022 (base 3) to base 13.
6b
Convert 4b96 (base 12) to base 11.
6518
1101101001101 (base 2) to base 15
210e
-1021212111 (base 3) to base 14
-939a
-32036 (base 9) to base 7
-115506
Convert 254 (base 7) to base 10.
137
-35280 (base 12) to base 3
-10121201020
Convert -2446 (base 7) to base 16.
-394
What is -772 (base 13) in base 15?
-5a1
Convert 102213 (base 4) to base 7.
3321
What is 111000001010 (base 2) in base 3?
11221010
Convert 277 (base 12) to base 9.
461
15222 (base 6) to base 11
1939
What is 7ca (base 15) in base 12?
1031
Convert 29f4 (base 16) to base 4.
2213310
What is 4475 (base 8) in base 14?
c0d
What is -5b54 (base 12) in base 7?
-41665
What is 24b3 (base 13) in base 12?
3028
Convert -10560 (base 12) to base 15.
-65a3
What is -106 (base 11) in base 3?
-11201
-101001101001 (base 2) to base 3
-10122201
What is -44651 (base 8) in base 16?
-49a9
Convert -46505 (base 8) to base 5.
-1113111
Convert 928 (base 10) to base 3.
1021101
Convert -500453 (base 6) to base 7.
-221604
-101101001101 (base 2) to base 9
-3864
What is -224120 (base 5) in base 8?
-17543
Convert -455 (base 12) to base 16.
-281
Convert 1014 (base 6) to base 4.
3202
What is -10101001011111 (base 2) in base 5?
-321342
What is -100101011001110 (base 2) in base 3?
-222021021
What is 5371 (base 11) in base 4?
1232320
What is -2a6 (base 11) in base 14?
-1b8
Convert 400 (base 13) to base 8.
1244
What is 22553 (base 7) in base 6?
42415
What is -714 (base 14) in base 13?
-82c
Convert 12030 (base 5) to base 10.
890
Convert 235531 (base 7) to base 13.
16633
Convert 1110 (base 5) to base 7.
311
Convert -10000 (base 5) to base 13.
-391
What is -b9 (base 12) in base 16?
-8d
34540 (base 6) to base 11
37a6
12012 (base 5) to base 13
52b
What is -100220010 (base 3) in base 13?
-338a
231110 (base 4) to base 12
1818
Convert -5343 (base 8) to base 7.
-11061
What is 0 (base 10) in base 5?
0
Convert -1000000001010 (base 2) to base 4.
-1000022
Convert 1010210220 (base 3) to base 2.
101011110111101
12144 (base 7) to base 15
e13
Convert -103312 (base 4) to base 8.
-2366
Convert -3434 (base 7) to base 2.
-10011100010
-4006 (base 14) to base 15
-33c2
Convert 551 (base 12) to base 9.
1057
1232332 (base 5) to base 11
17112
What is -80 (base 15) in base 13?
-93
What is 34850 (base 9) in base 5?
1221132
What is -7864 (base 11) in base 5?
-312410
267 (base 12) to base 3
111121
Convert -27529 (base 12) to base 10.
-54321
Convert 41b (base 12) to base 14.
30b
-5918 (base 13) to base 12
-72bb
Convert 424 (base 15) to base 8.
1646
Convert 1759 (base 12) to base 4.
223311
Convert 3278 (base 14) to base 9.
12870
Convert 227 (base 12) to base 3.
102211
What is 332 (base 7) in base 3?
20022
What is -44011 (base 6) in base 15?
-1bda
What is 102200331 (base 4) in base 13?
28698
1bd (base 16) to base 3
121111
-254 (base 12) to base 2
-101100000
-146 (base 13) to base 6
-1015
-1111101101 (base 2) to base 14
-51b
-53 (base 8) to base 5
-133
What is -153 (base 9) in base 7?
-243
-3460 (base 12) to base 11
-4422
What is a93e (base 16) in base 3?
2012102200
What is -1352 (base 9) in base 11?
-847
Convert 523 (base 6) to base 5.
1240
What is -23255 (base 7) in base 6?
-43345
What is -2541 (base 8) in base 3?
-1220000
-19703 (base 12) to base 14
-d843
What is -131 (base 10) in base 15?
-8b
-1d41 (base 14) to base 11
-4023
What is 423 (base 10) in base 13?
267
Convert 225 (base 6) to base 3.
10022
What is 4d8 (base 14) in base 6?
4302
What is 1837 (base 13) in base 15?
10ea
Convert -43666 (base 7) to base 13.
-4cc3
Convert 14041 (base 7) to base 11.
2947
What is -1101101100110010 (base 2) in base 6?
-1111442
Convert 4542 (base 6) to base 8.
2056
100011101001000 (base 2) to base 11
1278a
Convert -284b (base 13) to base 3.
-21222011
-14631 (base 8) to base 2
-1100110011001
Convert 12157 (base 8) to base 16.
146f
What is -21440 (base 6) in base 11?
-2266
Convert 10111100 (base 2) to base 12.
138
-1430223 (base 5) to base 8
-72557
What 